 = 15, 19*r = a*r - p - 3655. What is the hundreds digit of r?
7
Suppose 1554 = 2*d - 9*d. Let l = -158 - d. Suppose 3*g - 271 + 41 = -5*k, 3*g = k - l. What is the units digit of k?
9
Suppose -93 = 2*u - 5. Suppose 963 = -63*j + 72*j. Let f = u + j. What is the tens digit of f?
6
Let q be (-4)/(-10)*(-12 + 7). Suppose 10*f + 12 + 58 = 0. What is the units digit of ((-4137)/(-6))/f*q?
7
Let c(n) = -n**2 + 18*n + 22. Let g be c(19). Suppose -g*d - 11115 = 2*h, -5*d + h = -d + 14820. What is the units digit of 4/(-18) - d/27?
7
Let o(n) = 10*n - 92. Let i be o(10). Suppose i*k - 3136 = -936. What is the tens digit of k?
7
Let n(c) = -22*c - 20. Let s be n(12). Let f = s - -157. Let m = 218 + f. What is the units digit of m?
1
Let f(z) = z**2 - 9*z - 4. Let s be f(9). Let j(k) be the first derivative of -k**4/2 - 4*k**3/3 - 3*k**2/2 - 6*k - 25. What is the units digit of j(s)?
0
Let b(h) = 292*h**3 + 10*h + 4. Let g be b(4). Suppose -44*j + g = -32*j. What is the hundreds digit of j?
5
Let u(s) = -9*s - 19. Let w be u(-3). Suppose 26 = -9*b + w. What is the units digit of (16/(-10))/(b/20)?
6
What is the units digit of ((-24220)/(-25))/((-345)/375 + (-1)/(-1))?
0
What is the tens digit of ((-58130)/30)/((11/(-297))/(2/6))?
3
Suppose 3*v - 116*v + 1228649 = 0. What is the tens digit of v?
7
Let y = -83 - -92. Suppose -6370 = -y*j - 26*j. What is the hundreds digit of j?
1
Let j = 83 - 127. Let c = j + 44. Suppose c = 5*w - 2*w - 417. What is the hundreds digit of w?
1
What is the thousands digit of (1 - 4/3)/1*(-6874 - 257)?
2
Suppose 0 = 5*r - v + 2*v - 973, -4 = 2*v. Suppose -11*x - 4*x + r = 0. Suppose -3*j - 2050 = -x*j. What is the units digit of j?
5
What is the units digit of (3 + (-114)/30)/((-70)/2875775)?
6
What is the units digit of ((-129756)/308)/(3/(-21))?
9
Let a(m) = 5273*m + 7284. What is the hundreds digit of a(6)?
9
Suppose -25*w - 31*w + w + 85415 = 0. What is the thousands digit of w?
1
Suppose 3*d - 3*r - 419 + 146 = 0, 293 = 3*d + 2*r. Suppose d = -u + 407. What is the units digit of u?
2
Let v(k) = 337*k + 654. What is the thousands digit of v(31)?
1
Let n(v) = -112*v - 123. Suppose 0 = 15*l + 11*l + 156. What is the units digit of n(l)?
9
Let u(w) = -41*w**2 + 6*w + 6. Let t be u(-2). Let g = t + 623. What is the units digit of g?
3
What is the units digit of 6/4*(-241376)/(-57)?
2
Let f be 10/(2 + -10*(-6)/(-33)). Let x be 43164/f + 3/15. Suppose -4*w - z + x = 0, 3*z - 7 = 8. What is the hundreds digit of w?
1
Suppose 33*x + 60606 + 114552 = 70*x. What is the units digit of x?
4
Suppose 17497 = 6*u - 3449. What is the hundreds digit of u?
4
What is the tens digit of -13 - 189/(-14) - 25134/(-4)?
8
Let s(a) be the second derivative of -13*a**3/2 + 21*a**2 + 126*a. What is the hundreds digit of s(-18)?
7
Suppose -122*u + 119*u - 4*g + 141779 = 0, 2*g - 94522 = -2*u. What is the units digit of u?
5
Let o(w) = -61 - 66 - 10*w - 63 + 210. What is the tens digit of o(-35)?
7
Suppose 22 = x + 19. Suppose -u + 3*w = -1009, 4036 = u + x*u - 4*w. What is the hundreds digit of u?
0
Suppose 0 = 88*g - 84*g - 1788. Let v be (-8 - 10/(-2)) + g. Suppose -3*t + v + 180 = 0. What is the units digit of t?
8
Let d(o) = 29*o**2 - 13*o - 25*o**2 - 1 - 4 - 3*o. Let y be d(5). What is the units digit of (-6)/y + (-1988)/(-20)?
9
Let q(u) = -28*u**3 - 17*u**2 + u + 687. Let t(d) = 13*d**3 + 8*d**2 - d - 344. Let h(r) = -6*q(r) - 13*t(r). What is the tens digit of h(0)?
5
Suppose 12 = 4*s - 0*s, 4*w - 3*s + 49 = 0. What is the hundreds digit of (-2)/(-6)*(w + 1489)?
4
Suppose -10*a = -24437 - 22303. Suppose -13*z + a = -1566. What is the tens digit of z?
8
What is the tens digit of 55986/5 + (-5 + 20/5)/5?
9
Let v = 27702 + -19713. What is the units digit of v?
9
Let o(n) = 5*n + 34. Let q be o(-7). Let k be q - (-477)/15 - (-3)/15. Suppose k*d + 108 = 34*d. What is the units digit of d?
6
Let m be (-4)/(-10) - 924/10. Let f = -551 - -539. Let v = f - m. What is the units digit of v?
0
Let v(t) = -1276*t - 1295. What is the thousands digit of v(-25)?
0
Suppose -105*i - 39*i = -27*i - 975780. What is the hundreds digit of i?
3
Let w(y) = 14*y**3 + 22*y**2 + 27*y + 11. Let i(x) = -5*x**3 - 7*x**2 - 9*x - 4. Let b(n) = 11*i(n) + 4*w(n). What is the tens digit of b(-7)?
3
Suppose -10*z + 27272 + 168348 = 0. What is the hundreds digit of z?
5
Let v be (19/4)/(5/360). What is the units digit of (v/12)/19*488/6?
2
Let f = 35 + -30. Suppose 4*c - 2360 = 4*s, s + 3421 = f*c + 491. What is the hundreds digit of c?
5
Suppose -f + 5 = 3*v, 2*v = -0*v - 3*f + 1. Let y(h) = 10*h - 9 + 8*h**2 - 11*h**2 + 5*h**v. What is the units digit of y(-11)?
3
Let d = -273 + 272. What is the tens digit of (-1346)/(-4) - (-1)/(-2)*d?
3
Suppose -501 = y - 498. What is the thousands digit of 2/y*3*(-11262)/12?
1
Let b be (-52)/(-12) + 1*1/(-3). Let x(p) = -p**3 + 5*p**2 + 6*p + 6. Let s be x(6). Suppose -90 = -s*y + b*y. What is the tens digit of y?
4
Let i be (-4)/1 - (-15 + 9). Let j be (-5*i/(-15))/(2/9). Suppose z + j*h = 28, -2*z - 2*z = -4*h - 144. What is the tens digit of z?
3
Let p be (-6664)/(-6) - 3/(-9). Suppose b - 6*x - 239 = -2*x, -p = -5*b - x. What is the hundreds digit of b?
2
What is the units digit of (5 - (-4 + 8))/(1/4519)?
9
Let h = -891 + 6308. What is the tens digit of h?
1
Let r(j) be the second derivative of -7*j**5/120 - 23*j**4/12 + 9*j**3/2 - 8*j. Let k(p) be the second derivative of r(p). What is the units digit of k(-26)?
6
Let t(i) = -11*i**3 - 129*i**2 + 44*i. What is the thousands digit of t(-16)?
1
Let q(v) be the third derivative of v**6/40 + v**5/15 - 7*v**4/24 - v**3/2 + 3*v**2 - 2. What is the tens digit of q(5)?
3
Suppose 4*c = 11*c - 28. Suppose -l = -c*v + 19, 2*l - 7 = -v - 0*v. Let j(z) = 3*z**2 - 5*z + 2. What is the tens digit of j(v)?
5
Let g(m) = -m**3 + 9*m**2 - 12*m + 36. Let d be g(8). Suppose -5*r + 1345 = d*t, -4*r + 2*t + 518 = -532. What is the units digit of r?
5
Suppose 0 = s + 4*w - 29184, -s - 3598 + 32797 = -w. What is the thousands digit of s?
9
Let b be (-5)/((-4)/2 - -1). Suppose -144 = -b*y + 251. Suppose 4*q - l - 316 = -6*l, -q - l = -y. What is the units digit of q?
9
Let q be (-1 + 33)*(-1190)/(-68). Let k = q - 373. What is the hundreds digit of k?
1
Suppose -2*w + 10505 + 8280 = 3*w. What is the tens digit of w?
5
Let s = 184 - 180. Let i(m) = -11 + 5 + 4 + 5*m - 3*m. What is the units digit of i(s)?
6
Let l(o) = o**3 - 6*o**2 - 5*o - 6. Let g be l(7). Let d be (-8)/(-12)*(2 - g). What is the units digit of (d - 23/(-6))*-8*60?
0
Let b(r) = -64*r**3 - 10*r**2 - 30*r - 4. What is the thousands digit of b(-3)?
1
Let r = 43 + -39. Suppose -107 = -r*v + 73. Suppose k - v = 9. What is the tens digit of k?
5
Let i(t) = 183*t**2 + 10*t - 10. Let o = -188 + 189. What is the tens digit of i(o)?
8
Let q(j) = -j**3 - 8*j**2 - 4*j + 44. Suppose 5*x + 5*v = -20, 10 = 4*x + v + 35. What is the tens digit of q(x)?
2
Suppose -7*v = -27 - 15. What is the tens digit of (54*v - (-28)/14) + 0?
2
Let x be (-2)/(-13) + 15792/104. Suppose -60 = -4*y + x. Suppose -y = -l + 47. What is the units digit of l?
0
Let x = -108 - -104. Let t(o) = o + 49. What is the tens digit of t(x)?
4
Let g be (1 + 3/(-5))/((-18)/(-450)). Let y(b) = 2*b**2 + g*b**3 - 4 + 5 + 0*b**3 - 3*b. What is the units digit of y(1)?
0
Suppose 11618 = 6*m - 26*m + 49498. What is the hundreds digit of m?
8
Suppose 317*j + 5750400 = 445*j. What is the hundreds digit of j?
9
Suppose -24 = -2*o + i - 8, 0 = -3*o - i + 29. Suppose o*a = 14*a - 5, 703 = 2*y - a. What is the hundreds digit of y?
3
Let c(n) = 482*n - 110. What is the thousands digit of c(4)?
1
Suppose -3*f + 23603 = -2*r, 0 = -189*r + 192*r + 12. What is the tens digit of f?
6
Let a(x) = 29*x**2 + 3*x - 3. Let y be a(-3). What is the units digit of 2 + -3 - 16*y/(-6)?
3
Suppose j + j + 6466 = 3*o, j - 10794 = -5*o. Suppose 0 = 12*x + 850 - o. Suppose -2 = -i, -2*q + 69 = -5*i - x. What is the units digit of q?
4
Suppose -64908 = -3*r + 2*j - 2740, 4*j = -2*r + 41424. What is the tens digit of r?
2
Let p(a) = 3*a**2 - 11*a + 173. Suppose 2*k - 34 = -2*h, -7*k + 4*k = -3*h + 33. What is the tens digit of p(h)?
0
Let f = 24561 + 4384. What is the units digit of f?
5
Suppose 57*b = 1047465 - 32979. Wha